r when 1797 is divided by 200?
197
What is the remainder when 323 is divided by 12?
11
Calculate the remainder when 399 is divided by 56.
7
What is the remainder when 86 is divided by 82?
4
Calculate the remainder when 50 is divided by 13.
11
Calculate the remainder when 323 is divided by 108.
107
What is the remainder when 1237 is divided by 155?
152
Calculate the remainder when 1758 is divided by 10.
8
What is the remainder when 1109 is divided by 101?
99
Calculate the remainder when 1205 is divided by 134.
133
Calculate the remainder when 3247 is divided by 7.
6
What is the remainder when 60 is divided by 21?
18
What is the remainder when 4 is divided by 1?
0
Calculate the remainder when 88 is divided by 10.
8
Calculate the remainder when 5867 is divided by 163.
162
What is the remainder when 1246 is divided by 41?
16
What is the remainder when 55 is divided by 28?
27
Calculate the remainder when 1947 is divided by 959.
29
Calculate the remainder when 4748 is divided by 67.
58
Calculate the remainder when 246 is divided by 63.
57
Calculate the remainder when 1468 is divided by 70.
68
Calculate the remainder when 300 is divided by 101.
98
Calculate the remainder when 2878 is divided by 20.
18
Calculate the remainder when 22 is divided by 5.
2
What is the remainder when 9944 is divided by 203?
200
Calculate the remainder when 468 is divided by 7.
6
What is the remainder when 106 is divided by 23?
14
What is the remainder when 459 is divided by 6?
3
Calculate the remainder when 114 is divided by 97.
17
What is the remainder when 2158 is divided by 24?
22
Calculate the remainder when 474 is divided by 24.
18
What is the remainder when 522 is divided by 75?
72
What is the remainder when 2353 is divided by 35?
8
Calculate the remainder when 1031 is divided by 86.
85
What is the remainder when 1330 is divided by 74?
72
What is the remainder when 1293 is divided by 81?
78
Calculate the remainder when 735 is divided by 23.
22
What is the remainder when 531 is divided by 5?
1
What is the remainder when 706 is divided by 59?
57
What is the remainder when 723 is divided by 348?
27
Calculate the remainder when 390 is divided by 76.
10
Calculate the remainder when 3085 is divided by 21.
19
Calculate the remainder when 239 is divided by 68.
35
What is the remainder when 81 is divided by 42?
39
Calculate the remainder when 118 is divided by 61.
57
What is the remainder when 237 is divided by 21?
6
Calculate the remainder when 351 is divided by 244.
107
Calculate the remainder when 9606 is divided by 78.
12
What is the remainder when 1168 is divided by 65?
63
What is the remainder when 642 is divided by 63?
12
What is the remainder when 239 is divided by 56?
15
What is the remainder when 68 is divided by 24?
20
Calculate the remainder when 832 is divided by 61.
39
What is the remainder when 193 is divided by 49?
46
Calculate the remainder when 2431 is divided by 631.
538
Calculate the remainder when 848 is divided by 47.
2
Calculate the remainder when 266 is divided by 48.
26
What is the remainder when 821 is divided by 210?
191
What is the remainder when 152 is divided by 39?
35
What is the remainder when 1501 is divided by 137?
131
Calculate the remainder when 78 is divided by 10.
8
What is the remainder when 6685 is divided by 76?
73
What is the remainder when 798 is divided by 166?
134
What is the remainder when 1784 is divided by 877?
30
Calculate the remainder when 631 is divided by 608.
23
Calculate the remainder when 3415 is divided by 90.
85
What is the remainder when 151 is divided by 99?
52
What is the remainder when 178 is divided by 7?
3
What is the remainder when 7325 is divided by 32?
29
Calculate the remainder when 723 is divided by 17.
9
What is the remainder when 80 is divided by 57?
23
What is the remainder when 1917 is divided by 19?
17
Calculate the remainder when 96 is divided by 31.
3
What is the remainder when 19 is divided by 12?
7
Calculate the remainder when 1147 is divided by 218.
57
What is the remainder when 101 is divided by 23?
9
What is the remainder when 179 is divided by 78?
23
Calculate the remainder when 254 is divided by 68.
50
Calculate the remainder when 58 is divided by 23.
12
What is the remainder when 570 is divided by 52?
50
What is the remainder when 2098 is divided by 14?
12
Calculate the remainder when 17 is divided by 1.
0
What is the remainder when 219 is divided by 63?
30
Calculate the remainder when 539 is divided by 67.
3
Calculate the remainder when 44 is divided by 5.
4
Calculate the remainder when 214 is divided by 101.
12
What is the remainder when 40 is divided by 29?
11
Calculate the remainder when 3345 is divided by 31.
28
Calculate the remainder when 4872 is divided by 101.
24
What is the remainder when 4055 is divided by 13?
12
What is the remainder when 303 is divided by 58?
13
What is the remainder when 485 is divided by 49?
44
Calculate the remainder when 684 is divided by 46.
40
Calculate the remainder when 2820 is divided by 11.
4
What is the remainder when 70 is divided by 44?
26
What is the remainder when 754 is divided by 273?
208
What is the remainder when 2035 is divided by 36?
19
What is the remainder when 63 is divided by 25?
13
Calculate the remainder when 300 is divided by 18.
12
Calculate the remainder when 221 is divided by 75.
71
Calculate the remainder when 362 is divided by 119.
5
What is the remainder when 141 is divided by 106?
35
What is the remainder when 9699 is divided by 50?
49
What is the remainder when 275 is divided by 40?
35
Calculate the remainder when 198 is divided by 14.
2
What is the remainder when 170 is divided by 29?
25
Calculate the remainder when 86 is divided by 17.
1
Calculate the remainder when 3887 is divided by 18.
17
What is the remainder when 2578 is divided by 5?
3
What is the remainder when 702 is divided by 62?
20
Calculate the remainder when 170 is divided by 45.
35
What is the remainder when 305 is divided by 67?
37
Calculate the remainder when 52 is divided by 32.
20
Calculate the remainder when 1260 is divided by 288.
108
Calculate the remainder when 32 is divided by 30.
2
What is the remainder when 95 is divided by 32?
31
What is the remainder when 770 is divided by 208?
146
Calculate the remainder when 26 is divided by 26.
0
Calculate the remainder when 107 is divided by 37.
33
What is the remainder when 404 is divided by 15?
14
What is the remainder when 412 is divided by 206?
0
What is the remainder when 27219 is divided by 167?
165
What is the remainder when 568 is divided by 300?
268
Calculate the remainder when 177 is divided by 12.
9
Calculate the remainder when 250 is divided by 8.
2
Calculate the remainder when 890 is divided by 25.
15
Calculate the remainder when 1142 is divided by 31.
26
What is the remainder when 131 is divided by 71?
60
What is the remainder when 105 is divided by 18?
15
What is the remainder when 813 is divided by 43?
39
What is the remainder when 444 is divided by 121?
81
Calculate the remainder when 190 is divided by 32.
30
What is the remainder when 357 is divided by 92?
81
Calculate the remainder when 50 is divided by 22.
6
Calculate the remainder when 55 is divided by 13.
3
What is the remainder when 251 is divided by 52?
43
Calculate the remainder when 988 is divided by 203.
176
What is the remainder when 92 is divided by 19?
16
Calculate the remainder when 1286 is divided by 101.
74
Calculate the remainder when 615 is divided by 88.
87
Calculate the remainder when 1774 is divided by 16.
14
Calculate the remainder when 1078 is divided by 355.
13
Calculate the remainder when 1132 is divided by 15.
7
Calculate the remainder when 265 is divided by 14.
13
What is the remainder when 395 is divided by 200?
195
Calculate the remainder when 323 is divided by 25.
23
Calculate the remainder when 1066 is divided by 27.
13
What is the remainder when 55 is divided by 22?
11
What is the remainder when 5047 is divided by 11?
9
Calculate the remainder when 3749 is divided by 7.
4
What is the remainder when 170 is divided by 48?
26
Calculate the remainder when 460 is divided by 205.
50
Calculate the remainder when 115 is divided by 40.
35
Calculate the remainder when 125 is divided by 24.
5
What is the remainder when 2